e the remainder when 205149 is divided by 17095.
9
Calculate the remainder when 36264 is divided by 6.
0
Calculate the remainder when 2310 is divided by 332.
318
What is the remainder when 1621 is divided by 24?
13
What is the remainder when 93613 is divided by 1284?
1165
What is the remainder when 4867 is divided by 479?
77
Calculate the remainder when 24818 is divided by 26.
14
What is the remainder when 8943 is divided by 53?
39
Calculate the remainder when 231768 is divided by 77255.
3
What is the remainder when 8383 is divided by 272?
223
What is the remainder when 9254 is divided by 3?
2
What is the remainder when 10914 is divided by 3519?
357
What is the remainder when 109980 is divided by 207?
63
What is the remainder when 12005 is divided by 316?
313
Calculate the remainder when 1144 is divided by 185.
34
What is the remainder when 117451 is divided by 119?
117
Calculate the remainder when 44732 is divided by 471.
458
What is the remainder when 41857 is divided by 9?
7
Calculate the remainder when 296785 is divided by 86.
85
What is the remainder when 111179 is divided by 32?
11
Calculate the remainder when 57457 is divided by 26.
23
Calculate the remainder when 19210 is divided by 10.
0
What is the remainder when 182 is divided by 29?
8
What is the remainder when 3777 is divided by 1534?
709
Calculate the remainder when 408090 is divided by 21478.
8
What is the remainder when 184422 is divided by 423?
417
What is the remainder when 45812 is divided by 591?
305
What is the remainder when 2667 is divided by 147?
21
What is the remainder when 16538 is divided by 5207?
917
What is the remainder when 24077 is divided by 24056?
21
What is the remainder when 21161 is divided by 312?
257
What is the remainder when 16119 is divided by 108?
27
Calculate the remainder when 387 is divided by 81.
63
What is the remainder when 3511 is divided by 439?
438
What is the remainder when 435929 is divided by 435892?
37
Calculate the remainder when 6989 is divided by 44.
37
What is the remainder when 3434 is divided by 505?
404
Calculate the remainder when 85840 is divided by 38.
36
Calculate the remainder when 969446 is divided by 193886.
16
What is the remainder when 9456 is divided by 4694?
68
What is the remainder when 187 is divided by 61?
4
Calculate the remainder when 80466 is divided by 7311.
45
Calculate the remainder when 21440 is divided by 16.
0
What is the remainder when 2681 is divided by 127?
14
What is the remainder when 3223 is divided by 119?
10
What is the remainder when 96536 is divided by 84?
20
What is the remainder when 606 is divided by 10?
6
Calculate the remainder when 10347 is divided by 3412.
111
Calculate the remainder when 303196 is divided by 10.
6
Calculate the remainder when 1556 is divided by 17.
9
What is the remainder when 20415 is divided by 935?
780
Calculate the remainder when 2506 is divided by 120.
106
What is the remainder when 7523 is divided by 308?
131
Calculate the remainder when 14558 is divided by 437.
137
Calculate the remainder when 1229 is divided by 140.
109
Calculate the remainder when 5669 is divided by 5497.
172
What is the remainder when 38331 is divided by 4?
3
Calculate the remainder when 344665 is divided by 98.
97
What is the remainder when 73964 is divided by 48?
44
Calculate the remainder when 389 is divided by 132.
125
What is the remainder when 97225 is divided by 4225?
50
What is the remainder when 37107 is divided by 89?
83
Calculate the remainder when 38978 is divided by 355.
283
Calculate the remainder when 4333 is divided by 75.
58
What is the remainder when 263 is divided by 196?
67
Calculate the remainder when 33879 is divided by 329.
321
Calculate the remainder when 60807 is divided by 37.
16
Calculate the remainder when 544395 is divided by 45366.
3
Calculate the remainder when 2127 is divided by 618.
273
What is the remainder when 463065 is divided by 171?
168
Calculate the remainder when 64047 is divided by 175.
172
What is the remainder when 698461 is divided by 32?
29
Calculate the remainder when 192159 is divided by 96076.
7
Calculate the remainder when 394886 is divided by 69.
68
What is the remainder when 24593 is divided by 3481?
226
Calculate the remainder when 11770 is divided by 241.
202
What is the remainder when 18821 is divided by 384?
5
Calculate the remainder when 9196 is divided by 1836.
16
What is the remainder when 56077 is divided by 201?
199
Calculate the remainder when 4927 is divided by 128.
63
What is the remainder when 9182 is divided by 37?
6
Calculate the remainder when 4969 is divided by 163.
79
What is the remainder when 38403 is divided by 12793?
24
What is the remainder when 38103 is divided by 101?
26
Calculate the remainder when 460 is divided by 30.
10
What is the remainder when 26293 is divided by 13095?
103
What is the remainder when 2623 is divided by 2556?
67
What is the remainder when 40735 is divided by 14?
9
Calculate the remainder when 5691 is divided by 27.
21
Calculate the remainder when 29391 is divided by 9.
6
Calculate the remainder when 415869 is divided by 114.
111
What is the remainder when 991822 is divided by 1?
0
Calculate the remainder when 8426 is divided by 111.
101
Calculate the remainder when 2903 is divided by 2724.
179
Calculate the remainder when 5319 is divided by 272.
151
Calculate the remainder when 947 is divided by 823.
124
Calculate the remainder when 36665 is divided by 21.
20
What is the remainder when 29535 is divided by 5897?
50
What is the remainder when 393750 is divided by 471?
465
Calculate the remainder when 49899 is divided by 6226.
91
What is the remainder when 93817 is divided by 11?
9
Calculate the remainder when 315476 is divided by 55.
51
Calculate the remainder when 13796 is divided by 625.
46
Calculate the remainder when 6798 is divided by 40.
38
Calculate the remainder when 6318 is divided by 2093.
39
What is the remainder when 4909 is divided by 262?
193
What is the remainder when 3938 is divided by 415?
203
What is the remainder when 2209 is divided by 26?
25
What is the remainder when 4596 is divided by 236?
112
What is the remainder when 75932 is divided by 5840?
12
Calculate the remainder when 195299 is divided by 420.
419
Calculate the remainder when 115033 is divided by 28724.
137
Calculate the remainder when 1532217 is divided by 306442.
7
What is the remainder when 8101 is divided by 135?
1
Calculate the remainder when 2847384 is divided by 229.
227
Calculate the remainder when 779 is divided by 4.
3
What is the remainder when 2070 is divided by 130?
120
Calculate the remainder when 6702 is divided by 3344.
14
What is the remainder when 2393 is divided by 305?
258
What is the remainder when 52493 is divided by 772?
769
What is the remainder when 4965 is divided by 138?
135
Calculate the remainder when 6477973 is divided by 7.
5
Calculate the remainder when 5433 is divided by 775.
8
What is the remainder when 214155 is divided by 331?
329
What is the remainder when 238930 is divided by 3?
1
Calculate the remainder when 1239 is divided by 792.
447
Calculate the remainder when 1661 is divided by 296.
181
What is the remainder when 4310 is divided by 88?
86
Calculate the remainder when 9595 is divided by 1195.
35
Calculate the remainder when 4995919 is divided by 394.
393
Calculate the remainder when 3415 is divided by 109.
36
What is the remainder when 3937 is divided by 636?
121
Calculate the remainder when 204 is divided by 153.
51
Calculate the remainder when 536 is divided by 65.
16
Calculate the remainder when 7641 is divided by 684.
117
Calculate the remainder when 18814 is divided by 48.
46
Calculate the remainder when 208 is divided by 145.
63
What is the remainder when 2433 is divided by 2005?
428
What is the remainder when 30380 is divided by 551?
75
What is the remainder when 342 is divided by 133?
76
What is the remainder when 50638 is divided by 1099?
84
Calculate the remainder when 104 is divided by 99.
5
Calculate the remainder when 297828 is divided by 42546.
6
What is the remainder when 4380 is divided by 3751?
629
Calculate the remainder when 452855 is divided by 289.
281
What is the remainder when 53683 is divided by 24?
19
Calculate the remainder when 898783 is divided 